late a(s).
2
Let i(r) = 2*r**2 - r - 1. Let s be i(-1). Let k be -7*1*(-10)/35. Let g(f) = -3 - 7*f**2 + 6*f**k + 0*f - 2*f + 8*f. Give g(s).
5
Let j(i) = 3*i**2 - 5 - i - 4*i**2 + 1. Determine j(0).
-4
Let o(g) = -g**3 - 8*g**2 - 6*g + 3. Let q be o(-7). Let j(l) = -l**2 - 4*l - 5. Give j(q).
-5
Let v = -662 + 664. Let y(a) = a - 4. Let r(f) = -f**2 - f - 1. Let w(i) = r(i) - y(i). What is w(v)?
-5
Suppose -11 - 57 = -4*w. Suppose 5*c + w = h, 13 = h + 4*h - c. Suppose -2*u - h = 2. Let p(q) = q. Calculate p(u).
-2
Let d = 9 + -11. Let y = d + -2. Let l(w) = 1. Let q(a) = a**2 + 3*a + 7. Let b(x) = 2*l(x) - q(x). Calculate b(y).
-9
Suppose 0*n + 2 = -n, p = -n - 3. Let g(a) = -6*a**3 + a**2 - a - 1. What is g(p)?
7
Let n be (-6)/(-2) - (2 - -2). Let r be (n + -2)*1 - -2. Let z be (r + 1)/(1 - -1). Let i(d) = -d**3 - d**2 - d - 11. Give i(z).
-11
Let x(o) = -o. Let b(h) = -3*h**2 - 3*h - 3. Let s(d) = d**2 + d + 1. Let t(n) = b(n) + 4*s(n). Suppose -4*z = 9 - 1. Let a be t(z). Determine x(a).
-3
Let o(h) = -h**2 + h + 2. Suppose -11 + 1 = -5*x. Suppose x*u - 8 = -2*u. Calculate o(u).
0
Suppose 2*u - 3*z = -3, 0*u - 21 = -3*u - 4*z. Let d be (-2 + u)/(4 + -5). Let c(i) be the second derivative of 2*i**3/3 + i**2/2 - i. What is c(d)?
-3
Let s(f) = 4*f - 31. Let p be s(8). Let c(o) be the first derivative of 4*o + p - 1/2*o**2. What is c(4)?
0
Suppose 12 = -0*a + 4*a. Let u(p) = p**2 - 3*p - 3. What is u(a)?
-3
Let x(c) be the third derivative of -c**5/60 + 3*c**4/8 - c**3/2 - 3*c**2. What is x(8)?
5
Let a(s) = s - 6. Suppose 0 = -2*f + 5*f - 12. Let h = 4 - f. Let y be 0/(-3) - (0 + h). Give a(y).
-6
Let y be (-2)/1 + 2 - 5. Let i(h) = h**2 - 6 + 0*h + h + h. What is i(y)?
9
Let v(h) = 0*h**2 - 2 + 0*h**2 - 5*h**2 + h**3 + 4*h. Let c = -159 - -162. What is v(c)?
-8
Let o(r) = -r + 1. Let n(d) = -2*d + 3 + 3 - 2 - 2. Let f(v) = 4*n(v) - 9*o(v). What is f(3)?
2
Suppose -2*f + 11 = m - 0, 4*m - 29 = -3*f. Let q(i) = -3 - i**3 - 3*i + 3*i**2 + f + 2*i**3. Give q(-4).
-4
Let g be ((-1)/2)/((-2)/4). Let i(q) = -q**3 + 3*q**2 + 3*q + 4. Let r be i(4). Let y(h) = r*h - h + 0*h + 2. Give y(g).
1
Suppose -2*h = -f + 5*f, 8 = -2*h - 2*f. Let a = h + 6. Let n(b) = -2*b. What is n(a)?
4
Let h = 92 - 89. Let q(w) = -14*w**2 + w + 17. Let j(m) = -5*m**2 + 6. Let s(n) = 8*j(n) - 3*q(n). Calculate s(h).
6
Let p(j) = 1 - j - 3*j**2 - 4*j**2 - j**3 + 3*j**2. Let m be 1 + 2 + (-2)/1. Let c be m/(((-1)/(-2))/(-1)). What is p(c)?
-5
Let f(v) be the third derivative of v**4/12 + v**3/6 - 9*v**2. Calculate f(2).
5
Let f(u) = u**2 - 11*u - 5. Suppose -6*w + 7*w - 3 = -3*s, 3*w = s + 39. What is f(w)?
7
Let u = 40 - 44. Let f(g) = -g - 5. Calculate f(u).
-1
Suppose 4*y + 3 = -p, -2*p + 1 + 1 = 0. Let u(k) be the first derivative of -11*k**3/3 - k**2 - k - 1. Calculate u(y).
-10
Let t(r) = -4*r. Let z be 1/3 + 18/27. Give t(z).
-4
Let v(m) = m**3 - 8*m**2 + m - 6. Let h be v(8). Let a(n) = 9*n**2 + 7*n - 11*n**h - 2 - 2*n. Suppose 2*z - 5*u - 19 = -z, 4*z - 8 = -2*u. Give a(z).
-5
Let c be (-2)/14 + 44/14. Let i(y) be the first derivative of -y**3/3 + 5*y**2/2 + 1. Calculate i(c).
6
Let f(p) = -5*p + 2. Let d be 0*1/5 + -4. What is f(d)?
22
Let b(u) = 0 + 0*u - 1 + 0*u - 6*u. Determine b(-2).
11
Let r = 124 + -129. Let d(x) = -x**3 - 4*x**2 + 4*x - 4. What is d(r)?
1
Let i(k) = -7*k - 12. Let x(b) = 15*b + 25. Let n(l) = 13*i(l) + 6*x(l). Let d be (-8)/(-2) + -1 - 1. Let s be 0 + 0/d + -5. What is n(s)?
-1
Let m(s) = 13 + 0*s + 0 - 3*s - 6. Suppose 0*n - 2*n = -2. Suppose -2*l = 5*b - n - 4, 0 = l - 4*b - 9. Give m(l).
-8
Suppose -9 = -2*j - 5. Let y(m) = -1 - j + 1 - 1 + 3*m. Suppose 4*n = -3*t + 30 - 1, -3*t + 4*n = 11. What is y(t)?
6
Let w(a) = 6*a**2 + 11*a + 5. Let x(h) = -h**2 - h. Suppose 5*d = 5*f + 70, 0 = -2*d - f + 22 - 0. Let q = -7 + d. Let k(c) = q*x(c) + w(c). What is k(-6)?
5
Let k(q) = q - 1. Suppose w = -2*c + 45, 4 = 4*c + w - 81. Suppose 4*x - 3*x + 5 = -3*s, -5*x = -c. Let j be 6*2*s/6. Calculate k(j).
-7
Suppose -2*x + 8 + 0 = 0. Suppose -3*q + 0*q - 3 = 4*c, 0 = -5*c - q + 10. Let y(u) = x*u - c*u + u. Calculate y(-3).
-6
Let v(l) = -l**2 + 3*l + 7. Let n(y) = -y**3 - 12*y**2 - 11*y + 6. Let q be n(-11). Give v(q).
-11
Let z(h) = -5*h**3 + 9*h**2 - 5*h + 36. Let p(q) = q**3 - 2*q**2 + q - 9. Let d = -9 + 11. Let v(n) = d*z(n) + 9*p(n). Determine v(0).
-9
Let w(c) = 8*c**3 + 24*c**2 - 13*c + 32. Let q(j) = 3*j**3 + 8*j**2 - 4*j + 11. Let f(u) = 11*q(u) - 4*w(u). Give f(7).
0
Let v(h) = 4*h - 3. Let b(o) = -11*o + 5. Let j(k) = -k - 1. Let g(z) = -b(z) + 2*j(z). Let w(i) = 3*g(i) - 7*v(i). Determine w(0).
0
Let p = 6 + -4. Let w be p/(-2 - 12/(-5)). Let m(c) = -c**2 + c + 1. Give m(w).
-19
Let n(q) = -q**2 + 2*q - 1. Suppose 3*v + 8 = 4*k + 2, -17 = -3*k - 4*v. Calculate n(k).
-4
Let u(j) = 3*j**2 - 17*j - 2. Let m(y) = -2*y + 7*y - 2*y**2 + 1 + 4*y. Let d(p) = -5*m(p) - 3*u(p). Determine d(-5).
-4
Suppose -2*d + 0 = -6. Let y(f) be the first derivative of f**3/3 - 3*f**2/2 - 3*f + 5. Calculate y(d).
-3
Let j(y) = -y**3 + 4*y**2 + 5*y + 2. Let p be j(5). Let o(b) = 2*b**p - b**2 + 0 - 2. Calculate o(2).
2
Let f = 6 + -4. Let m(i) = i - 1 - f*i - i. Suppose 2 - 8 = 2*r - g, 3*g = 3*r + 12. What is m(r)?
3
Let k(u) = u**3 + u**2 + u. Let o = -4 + 7. Let r(a) = -2*a**3 - 2*a**3 + 2*a**3 - 8*a**2 + a. Let l(h) = o*k(h) + r(h). What is l(4)?
0
Let u(y) = y**2 + 0*y**2 + 4*y - 3*y**2 + y**2. Calculate u(5).
-5
Suppose 0 = j + q + 6, 3*q - 1 - 5 = j. Let a be (-5)/(-2) - (-9)/j. Let g(v) = -3*v + a + 0 - 3. Calculate g(-3).
7
Let w(l) = l**2 - 6*l + 1. Let u be (-2 - 3)*-1 - -1. Let y(j) = -j**3 + 7*j**2 - 4*j - 8. Let a be y(u). What is w(a)?
-7
Suppose -7 = l + 5*u - 9*u, 2*u + 19 = 5*l. Let y(p) = -6*p**2 + 2*p + 6. Let t(n) = 7*n**2 - 2*n - 6. Let r(d) = -5*t(d) - 6*y(d). Give r(l).
9
Suppose 12*k - 4*k + 24 = 0. Let w(q) = -q**2 - 2*q + 2. Give w(k).
-1
Suppose -k + 8*k = 0. Let i(b) be the third derivative of -1/12*b**4 + k - 1/6*b**3 + 0*b + 1/12*b**5 + 3*b**2. What is i(-1)?
6
Suppose 0 = -2*q - 4*z, -5*q - 4*z + 0*z + 6 = 0. Let g(i) = -4*i**2 - 5*i - i**q + 6*i**2 - 4. Determine g(5).
-4
Let n(w) be the first derivative of w**3/3 - 3*w**2 + 6*w - 3. Let b = -18 + 22. Give n(b).
-2
Let y(s) = -s**2 - 8*s + 9. Suppose 6 = 4*l + 42. Give y(l).
0
Suppose 4*c = 8 - 0. Let j(m) = 2*m. Give j(c).
4
Let h = 65 + -65. Let w(n) = -n**3 + 8. Calculate w(h).
8
Let r(b) be the second derivative of b**5/20 - b**4/4 - b**3/2 + b**2/2 - 5*b. Give r(4).
5
Let u(i) = i**2 + 8*i + 8. Suppose -d + 1 = 7. Calculate u(d).
-4
Let d(p) = -2*p**2 + 1 + 6*p**3 + 5*p**2 - 4*p**2 + 2*p + 3*p**2. What is d(-1)?
-5
Let y(z) = -z - 7. Let q(k) = 6*k - 11. Let f(j) = -5*j + 10. Let n(p) = 7*f(p) + 6*q(p). Let g(a) = 5*n(a) + 3*y(a). Give g(5).
9
Let s(k) = 3*k**2 - 6*k + 1. Let x(v) = 2*v**2 - 3*v + 1. Let p(l) = 3*s(l) - 5*x(l). Calculate p(-4).
-6
Let v(w) be the third derivative of w**5/20 + w**4/6 + w**3/3 + w**2. Let r = -4 + 7. Suppose -5*h + r*h - 4 = 0. Give v(h).
6
Let b(u) = -u**3 + u**2 + 1. Let z(g) = -2*g**3 + 5*g**2 - 3*g. Let l(h) = 3*b(h) - z(h). What is l(-2)?
-3
Let h(k) = k**3 - 6*k**2 + 3*k + 1. Let v be 5/2*(-48)/(-30). Suppose t + 3*o - 14 = 6, -v*t + 5*o - 5 = 0. Give h(t).
-9
Let v(k) = 2*k**2. Let s = 28 + -27. Give v(s).
2
Let q(j) = 4*j**2. Let u(v) = 2*v + 8. Let r be u(-4). Suppose a + 3*a = r. Suppose x + a - 4 = 5*p, 2*x + 4*p + 6 = 0. What is q(x)?
4
Let t be 6/(-9)*36/(-8). Let i(f) = f + 1. Let h be i(1). Let z(c) = c**3 + 3*c**2 + 3*c**3 + h*c + 4 - 7*c**2 - 3*c**3. What is z(t)?
1
Let m(u) = u + 1. Let g(f) = 2*f + 1. Let s(d) = 0 - 4 + 5*d**2 + 0 - d + d**3. Let x be s(-5). Let a(i) = x*m(i) - g(i). What is a(-5)?
5
Let y(s) = -s**2 - 5*s + 6. Suppose 0 = -5*t - l - 11 - 17, 3*t + 27 = -4*l. Calculate y(t).
6
Let r be (-18)/18*(1*3 + 0). Let a(k) = -k**3 - 3*k**2 - 4*k - 1. Calculate a(r).
11
Suppose 6*u = 4*u - 4. Let i(r) = -r**2 + r - 1. Let b(z) = z**2. Let h(y) = -3*b(y) - i(y). Let c be h(u). Let a(o) = -o**2 - 8*o - 7. Calculate a(c).
8
Let i(n) be the third derivative of n**5/60 + n**4/4 - n**3 - 6*n**2. What is i(-5)?
-11
Let v(p) be the third derivative of 0*p + 1/24*p**4 - 2*p**2 - 1/6*p**3 + 0. Let j = 9 + -7. Determine v(j).